 a multiple of 14?
False
Does 8 divide 4581038?
False
Does 169 divide 32043428?
False
Does 3 divide 21117?
True
Is 309 a factor of 17279507?
False
Is 74940 a multiple of 11?
False
Is 24 a factor of 1612824?
True
Is 420 a factor of 1647685?
False
Is 200034 a multiple of 131?
False
Is 1457578 a multiple of 3?
False
Does 42 divide 85554?
True
Is 641 a factor of 6586916?
True
Is 411 a factor of 63637?
False
Does 7 divide 184073?
False
Does 15 divide 191925?
True
Is 24510 a multiple of 258?
True
Does 368 divide 240594?
False
Does 126 divide 4071155?
False
Is 35 a factor of 351885?
False
Is 26 a factor of 1976750?
False
Does 2 divide 759645?
False
Is 615854 a multiple of 233?
False
Is 6 a factor of 1379976?
True
Is 319 a factor of 14848523?
False
Is 5425490 a multiple of 358?
True
Is 90 a factor of 23819760?
True
Does 8 divide 3291499?
False
Is 56 a factor of 324055?
False
Is 395 a factor of 522190?
True
Does 19 divide 153564?
False
Is 7 a factor of 529823?
True
Is 13387 a multiple of 49?
False
Is 299517 a multiple of 123?
False
Is 57 a factor of 3020772?
True
Is 9 a factor of 182165?
False
Is 148835 a multiple of 184?
False
Does 231 divide 173199?
False
Does 157 divide 322587?
False
Is 1007920 a multiple of 10?
True
Is 55 a factor of 49665?
True
Is 163 a factor of 1840759?
True
Does 32 divide 172384?
True
Is 118 a factor of 576181?
False
Is 401 a factor of 19499?
False
Is 357 a factor of 33915?
True
Is 7 a factor of 14954884?
True
Does 195 divide 521733?
False
Is 2364311 a multiple of 16?
False
Is 235 a factor of 10666650?
True
Does 11 divide 2080176?
False
Is 211 a factor of 28573?
False
Is 324219 a multiple of 21?
True
Is 36 a factor of 42516?
True
Does 25 divide 1885250?
True
Is 1015732 a multiple of 430?
False
Is 17 a factor of 183976?
False
Is 86 a factor of 10722652?
True
Does 4 divide 129024?
True
Is 7429034 a multiple of 33?
False
Is 1739170 a multiple of 259?
False
Is 2 a factor of 83465?
False
Does 886 divide 1635872?
False
Does 144 divide 598032?
True
Does 26 divide 40371?
False
Is 177970 a multiple of 357?
False
Does 87 divide 392283?
True
Is 55 a factor of 23265777?
False
Is 25 a factor of 5807975?
True
Does 18 divide 116358?
False
Is 792201 a multiple of 243?
False
Is 1316112 a multiple of 42?
True
Is 2 a factor of 354569?
False
Is 730 a factor of 6741515?
False
Is 1114959 a multiple of 24?
False
Is 402 a factor of 494250?
False
Does 22 divide 84360?
False
Is 202 a factor of 377134?
True
Is 57 a factor of 48165?
True
Is 55112 a multiple of 19?
False
Is 2269205 a multiple of 73?
True
Does 25 divide 66167?
False
Is 137925 a multiple of 45?
True
Does 69 divide 7202220?
True
Is 156 a factor of 2712825?
False
Is 10 a factor of 80772?
False
Does 6 divide 76385?
False
Does 59 divide 712821?
False
Is 12 a factor of 91152?
True
Is 129 a factor of 345888?
False
Does 2 divide 422?
True
Is 22 a factor of 2251194?
True
Does 140 divide 13540334?
False
Is 1408141 a multiple of 378?
False
Does 86 divide 2942328?
False
Is 44 a factor of 10858804?
True
Is 3255011 a multiple of 576?
False
Does 13 divide 178588?
False
Is 7 a factor of 967367?
False
Is 4340427 a multiple of 225?
False
Is 25559404 a multiple of 13?
True
Is 2629665 a multiple of 129?
True
Is 3028561 a multiple of 14?
False
Is 825 a factor of 1559408?
False
Is 4 a factor of 300148?
True
Is 7 a factor of 56817?
False
Is 50 a factor of 3341386?
False
Is 34302 a multiple of 3?
True
Does 7 divide 7488488?
True
Does 1772 divide 26144292?
False
Is 8 a factor of 1678?
False
Is 575350 a multiple of 73?
False
Is 7054571 a multiple of 92?
False
Is 1017115 a multiple of 16?
False
Does 41 divide 2420002?
False
Is 36 a factor of 6976748?
False
Is 83 a factor of 420329?
False
Is 717 a factor of 3494777?
False
Does 26 divide 14582?
False
Is 1383 a factor of 13912980?
True
Is 68180 a multiple of 37?
False
Is 55386 a multiple of 51?
True
Is 98 a factor of 325808?
False
Does 7 divide 206626?
True
Does 1941 divide 2750556?
False
Is 77 a factor of 21821?
False
Is 319303 a multiple of 65?
False
Is 609012 a multiple of 27?
True
Is 7 a factor of 369657?
False
Is 7 a factor of 6766?
False
Is 1870260 a multiple of 210?
True
Does 158 divide 407694?
False
Does 12 divide 276534?
False
Is 346892 a multiple of 13?
True
Is 27 a factor of 12892962?
False
Is 616033 a multiple of 369?
False
Does 4 divide 2059718?
False
Is 5 a factor of 4088320?
True
Does 385 divide 7898576?
False
Is 19 a factor of 21513589?
False
Does 5 divide 11899?
False
Does 77 divide 32571?
True
Is 9 a factor of 5104503?
True
Is 91120 a multiple of 134?
True
Does 150 divide 395700?
True
Is 87 a factor of 5625173?
False
Is 4 a factor of 2523785?
False
Is 13046624 a multiple of 16?
True
Is 1788922 a multiple of 254?
True
Is 471842 a multiple of 7?
True
Is 544329 a multiple of 21?
False
Is 45894 a multiple of 62?
False
Is 142 a factor of 829536?
False
Is 22 a factor of 111276?
True
Does 3 divide 387693?
True
Is 130 a factor of 386283?
False
Does 6 divide 83980?
False
Does 171 divide 2654433?
True
Is 21 a factor of 5348280?
True
Does 177 divide 553479?
True
Is 819088 a multiple of 958?
False
Does 114 divide 11742?
True
Is 763575 a multiple of 15?
True
Does 1529 divide 11353648?
False
Is 42 a factor of 141834?
True
Does 18 divide 1122596?
False
Is 2 a factor of 692055?
False
Is 9 a factor of 27913?
False
Does 105 divide 6619620?
True
Does 949 divide 5245885?
False
Does 269 divide 2420654?
False
Does 38 divide 538460?
True
Is 215 a factor of 382270?
True
Is 15190 a multiple of 49?
True
Does 268 divide 157030?
False
Is 243798 a multiple of 681?
True
Is 5 a factor of 438058?
False
Is 31 a factor of 221901?
False
Does 255 divide 4438008?
False
Does 68 divide 506969?
False
Is 18 a factor of 6548886?
True
Is 429168 a multiple of 16?
True
Is 23 a factor of 2188100?
False
Is 147 a factor of 232407?
True
Is 1562860 a multiple of 560?
False
Is 4503 a multiple of 3?
True
Is 846791 a multiple of 51?
False
Is 42 a factor of 1726452?
True
Is 612473 a multiple of 4?
False
Is 1535754 a multiple of 589?
False
Does 57 divide 3027?
False
Is 68299 a multiple of 11?
True
Is 617325 a multiple of 15?
True
Is 43576 a multiple of 8?
True
Is 1287236 a multiple of 82?
True
Does 33 divide 4957253?
False
Is 84 a factor of 4456200?
True
Is 98 a factor of 197862?
True
Is 10 a factor of 168700?
True
Is 9 a factor of 51890?
False
Does 19 divide 158406?
False
Does 186 divide 8932650?
True
Is 475 a factor of 927200?
True
Does 12 divide 268476?
True
Is 812504 a multiple of 126?
False
Is 7717776 a multiple of 141?
True
Does 14 divide 1429456?
True
Does 338 divide 1608682?
False
Is 189053 a multiple of 335?
False
Is 784849 a multiple of 13?
True
Does 187 divide 1377068?
True
Does 19 divide 19551?
True
Does 37 divide 2546821?
True
Does 173 divide 61415?
True
Is 552 a factor of 10064064?
True
Is 1586502 a multiple of 9?
True
Is 59 a factor of 223846?
True
Is 34 a factor of 513317?
False
Is 334 a factor of 230975?
False
Is 3232675 a multiple of 25?
True
Is 139 a factor of 1045163?
False
Is 3 a factor of 27936?
True
Is 16 a factor of 98672?
True
Does 66 divide 23034?
True
Is 1033823 a multiple of 99?
False
Is 349 a factor of 1216265?
True
Does 8 divide 302488?
True
Does 82 divide 1501912?
True
Does 160 divide 538319?
False
Is 155 a factor of 239597?
False
Is 913 a factor of 1211688?
False
Is 232729 a multiple of 5?
False
Is 10 a factor of 923466?
False
Is 1207 a factor of 4217258?
True
Is 3889452 a multiple of 890?
False
Is 750 a factor of 1836000?
True
Does 49 divide 9649668?
True
Does 140 divide 1801671?
False
Is 438220 a multiple of 24?
False
Is 254592 a multiple of 192?
True
Is 7759056 a multiple of 872?
True
Is 248614 a multiple of 197?
True
Does 36 divide 289656?
True
Does 167 divide 732629?
True
Is 1141283 a multiple of 263?
False
Does 6 divide 151923?
False
Is 8 a factor of 193440?
True
Is 3711906 a multiple of 594?
True
Is 12 a factor of 29681?
False
Is 21728 a multiple of 224?
True
Does 10 divide 1199520?
True
Is 2106 a multiple of 8?
False
Is 390 a factor of 824489?
False
Does 45 divide 151895?
False
Does 11 divide 180114?
True
Is 16 a factor of 321808?
True
Is 702156 a multiple of 6?
True
Is 10 a factor of 2949974?
False
Is 314917 a multiple of 141?
False
Is 87 a factor of 148903?
Fa